mon divisor of 72885 and 45765.
1695
What is the highest common factor of 6684 and 96?
12
What is the highest common divisor of 184099 and 2773?
47
Calculate the highest common divisor of 19470 and 2090.
110
What is the highest common divisor of 231536 and 696?
232
Calculate the greatest common divisor of 35748 and 32.
4
What is the greatest common factor of 4648 and 7784?
56
Calculate the highest common divisor of 47 and 16591.
47
What is the greatest common divisor of 2272 and 497?
71
Calculate the highest common factor of 65067 and 138.
69
Calculate the highest common divisor of 128688 and 8736.
336
What is the highest common divisor of 28982 and 22242?
674
Calculate the highest common divisor of 1330 and 195890.
190
Calculate the highest common divisor of 2555 and 7300.
365
Calculate the greatest common factor of 42129 and 2567.
151
Calculate the greatest common divisor of 153 and 1462629.
51
Calculate the highest common divisor of 4641 and 5031.
39
What is the highest common factor of 33 and 153219?
33
What is the highest common factor of 100 and 23038?
2
What is the greatest common divisor of 24832 and 1072?
16
Calculate the highest common factor of 128985 and 5.
5
Calculate the highest common factor of 1520 and 10356.
4
Calculate the greatest common factor of 117337 and 198.
11
Calculate the greatest common divisor of 996828 and 252.
84
Calculate the greatest common divisor of 29771 and 56.
7
What is the highest common divisor of 1381968 and 17136?
1008
What is the highest common divisor of 414749 and 527?
527
Calculate the highest common divisor of 3599 and 31903.
61
What is the highest common divisor of 74965 and 1155?
55
What is the greatest common divisor of 2 and 511022?
2
Calculate the highest common divisor of 900 and 285975.
225
What is the highest common factor of 1572 and 400074?
786
What is the greatest common divisor of 11000 and 2376?
88
Calculate the greatest common divisor of 2505 and 1875.
15
What is the highest common factor of 15 and 60570?
15
What is the highest common divisor of 445309 and 707?
101
Calculate the highest common divisor of 319 and 4369662.
319
What is the highest common factor of 59220 and 189?
63
Calculate the highest common factor of 207 and 181539.
207
Calculate the highest common divisor of 4920 and 39155.
205
What is the highest common factor of 7634 and 2948?
22
What is the greatest common divisor of 58451 and 1?
1
Calculate the greatest common divisor of 17164 and 84.
28
What is the greatest common factor of 2873 and 2431?
221
What is the greatest common divisor of 223569 and 9?
9
Calculate the highest common divisor of 214240 and 2575.
515
What is the highest common divisor of 134 and 146998?
134
Calculate the greatest common factor of 12 and 402654.
6
Calculate the highest common factor of 968 and 5384.
8
What is the greatest common factor of 20292 and 132?
12
Calculate the highest common factor of 10416 and 2128.
112
What is the greatest common divisor of 70896 and 644?
28
What is the greatest common factor of 16 and 308800?
16
Calculate the greatest common divisor of 258244 and 115.
23
Calculate the highest common factor of 528 and 6138.
66
What is the highest common divisor of 7352 and 8?
8
What is the greatest common factor of 1100 and 60038?
22
Calculate the highest common divisor of 545 and 30193.
109
What is the greatest common factor of 1742 and 91?
13
Calculate the greatest common factor of 252860 and 430.
10
Calculate the greatest common factor of 696 and 4224.
24
Calculate the greatest common divisor of 256 and 186624.
256
What is the highest common factor of 48 and 45075?
3
What is the greatest common factor of 88 and 569272?
88
Calculate the greatest common divisor of 598160 and 112.
16
What is the highest common divisor of 85405 and 435?
145
What is the greatest common divisor of 165160 and 50?
10
Calculate the highest common factor of 11210 and 64790.
190
Calculate the highest common factor of 748356 and 1208.
604
Calculate the greatest common factor of 20435 and 549.
61
What is the highest common factor of 136 and 884?
68
What is the greatest common factor of 6264 and 42021?
261
Calculate the greatest common factor of 12 and 3252.
12
Calculate the highest common divisor of 44688 and 5012.
28
What is the highest common divisor of 3 and 376851?
3
What is the highest common divisor of 50866 and 116?
58
What is the highest common factor of 250 and 63500?
250
What is the greatest common factor of 256 and 5968?
16
Calculate the greatest common factor of 798 and 161.
7
Calculate the highest common divisor of 3497 and 507.
13
What is the greatest common divisor of 1659 and 12873?
21
What is the greatest common factor of 381904 and 16?
16
What is the highest common divisor of 88627 and 11?
11
What is the highest common factor of 3072 and 9?
3
What is the highest common factor of 258545 and 581?
581
Calculate the greatest common divisor of 91 and 351897.
91
Calculate the highest common divisor of 2958 and 68.
34
What is the highest common divisor of 320164 and 1034?
94
Calculate the highest common divisor of 27141 and 151392.
249
What is the greatest common divisor of 30590 and 950?
190
Calculate the greatest common factor of 54381 and 132.
3
What is the highest common factor of 76145 and 10205?
785
Calculate the greatest common factor of 81 and 17811.
9
Calculate the highest common divisor of 75414 and 6.
6
What is the greatest common factor of 20 and 4330?
10
What is the highest common factor of 63 and 265?
1
What is the highest common factor of 2453807 and 137?
137
What is the greatest common factor of 1062808 and 8?
8
What is the greatest common divisor of 10660 and 402620?
820
Calculate the highest common factor of 2385 and 270565.
265
Calculate the highest common factor of 10184 and 760.
152
What is the greatest common factor of 40 and 43416?
8
What is the greatest common divisor of 1692 and 87336?
36
Calculate the highest common divisor of 6994 and 533.
13
What is the greatest common divisor of 16028 and 68?
4
Calculate the greatest common divisor of 3312 and 19688.
184
Calculate the highest common divisor of 42336 and 147456.
288
Calculate the highest common divisor of 852452 and 212.
212
Calculate the greatest common factor of 219114 and 8288.
518
What is the greatest common factor of 1389 and 409292?
463
What is the greatest common divisor of 171566 and 1526?
218
What is the greatest common divisor of 336536 and 69?
23
What is the greatest common factor of 1582 and 3668?
14
What is the highest common factor of 72 and 2097?
9
What is the greatest common divisor of 1778 and 18796?
254
Calculate the greatest common factor of 4416536 and 8.
8
What is the greatest common divisor of 1839712 and 64?
32
What is the greatest common factor of 4111226 and 14?
14
Calculate the highest common divisor of 824 and 936.
8
What is the greatest common divisor of 670 and 50786?
134
What is the greatest common factor of 567 and 107002?
7
Calculate the highest common divisor of 486 and 18306.
162
What is the greatest common factor of 8143338 and 28?
14
What is the highest common factor of 9891 and 4725?
63
What is the greatest common factor of 10959 and 143?
13
What is the highest common factor of 28985 and 748?
187
Calculate the greatest common factor of 546438 and 122.
122
What is the highest common divisor of 13923 and 49?
7
What is the highest common factor of 360 and 6382440?
360
Calculate the highest common factor of 183546 and 135.
27
What is the greatest common divisor of 39 and 79066?
13
What is the highest common factor of 9 and 757?
1
Calculate the highest common factor of 210847 and 98.
49
What is the highest common divisor of 95 and 13186?
19
Calculate the highest common factor of 326090 and 10.
10
Calculate the greatest common factor of 2064 and 11524.
172
Calculate the highest common divisor of 559325 and 65.
65
Calculate the greatest common divisor of 245 and 5.
5
Calculate the greatest common divisor of 1956430 and 210.
70
Calculate the greatest common factor of 489005 and 1870.
935
Calculate the highest common factor of 32096 and 12.
4
Calculate the greatest common divisor of 9925 and 275.
25
Calculate the greatest common divisor of 2600 and 5975.
25
What is the greatest commo